 remainder when o is divided by l.
8
Let j = -997 - -1548. What is the remainder when 18*((-9)/2)/(-1) is divided by (-4)/18 + j/171 - -25?
25
Let v = 185 + -84. Calculate the remainder when v is divided by ((-84)/(-210))/((-1)/(-65)).
23
Suppose -4*t = 3*t - 539. Suppose 3*l - t = -2*c - 0*c, 0 = -c - 5*l + 49. Calculate the remainder when 169 is divided by c.
33
Let w(i) = -685*i + 5488. Calculate the remainder when 1310 is divided by w(8).
6
Let c(z) = -z**2 - 12*z - 11. Let q be c(-14). Let k = -37 - q. Suppose 0 = -k*s - 0*s + 26. Calculate the remainder when s is divided by 6.
1
Suppose 0 = -14*p + 9*p + 30. Suppose -p*w - r = -4*w - 69, -4*r = 2*w - 60. What is the remainder when 69 is divided by w?
33
Suppose -24*u + 7 = -23*u. Suppose 119 = 2*f + 5*m, 0 = 4*f + 2*m - u*m - 163. What is the remainder when f is divided by 16?
15
Suppose 5*i = u + 11 - 1, -4 = -2*i - 5*u. Let j = i - -9. What is the remainder when 95 is divided by j?
7
Suppose -40*n = -11*n - 464. Suppose n*m - 550 = 6*m. What is the remainder when m is divided by 6?
1
Let j be 3*(8 - (-1716)/18). Calculate the remainder when 65 is divided by (-2 - 1) + j/(20/4).
6
Suppose 3812*r - 294 = 3887*r - 2394. Let y = 531 + -338. What is the remainder when y is divided by r?
25
Suppose -8*q = 23*q - 403. Let m(d) = -d + 12. Let n be m(10). Suppose n*j - 7*j = -o - 16, -5*j = 2*o - 13. What is the remainder when q is divided by j?
1
Suppose -i - 309 + 321 = 0. Let t(d) = -d + 3. What is the remainder when (-1 + -6 + -1)/((-6)/i) is divided by t(0)?
1
Let w(b) = -b**3 - 38*b**2 - 2*b - 140. Let h be w(-38). Let g = -45 - h. Calculate the remainder when 111 is divided by g.
16
Calculate the remainder when 232 is divided by 31 - -66*(-1)/6.
12
Let s(o) = 7*o + 116. Suppose -942 = -3*u - 3*q, 4*q = -5*u - 526 + 2098. Calculate the remainder when u is divided by s(-15).
8
Suppose 4*b + 120 = 4*y, -3*y - 5*b + 67 = -y. Suppose 0 = -i - 0 + y. Let k = 35 - -56. What is the remainder when k is divided by i?
29
Suppose -2*u + 202 - 36 = 2*z, 0 = 3*z - 12. What is the remainder when 543 is divided by u?
69
Suppose -92*k + 91*k = -12. Let r be (-283)/(-4) - (3 + (-39)/k). Suppose r = 4*t + s, 66 = 4*t + s + s. Calculate the remainder when 68 is divided by t.
11
Suppose 0 = -4*b + b + 36. What is the remainder when 197 - (30/b)/((-10)/(-12)) is divided by 67?
60
Calculate the remainder when ((-4779)/(-135))/((-3)/(-415)) is divided by 7.
4
Let h(d) = -d**3 - 5*d**2 + 2*d + 10. Let s be h(-5). Suppose 4*v + x - 387 = s, 56*x = 2*v + 61*x - 207. Calculate the remainder when 765 is divided by v.
93
Let t(z) = -z**2 - 12*z - 30. Let m be t(-5). Suppose -m*o + b + 133 = 0, 129 = 2*o + 3*o - 3*b. Calculate the remainder when o is divided by 7.
6
Let k(u) = 8*u - 198. Let f be k(27). Suppose -f*c = -255 + 39. What is the remainder when 76 is divided by c?
4
Let s = 58 - -12. Let n = 107 - s. What is the remainder when 104 is divided by n?
30
Let t(b) = -35*b - 120. Calculate the remainder when 1434 is divided by t(-4).
14
Let b(c) = -c**3 - 26*c**2 - 88*c + 7. Let q be b(-21). Let g = q + 379. What is the remainder when 226 is divided by g?
23
Suppose 27*a + 8*a + 275 = 40*a. What is the remainder when 10228 is divided by a?
53
Let b(r) = r**2 + 12*r + 25. Let y(d) = d**3 + 3*d**2 + d - 13. Let l be y(0). Calculate the remainder when 113 is divided by b(l).
37
Let x(j) = -6*j**2 + 194*j - 49. Let f be (-2)/4 - 20/(-8). Suppose -f*z = -z - 6. Calculate the remainder when x(32) is divided by z.
3
Suppose -3*u + 46 = 2*p, 3*u + 58 = -0*p + 2*p. Suppose -4*i = 3*g - 189, 3*i = 5*g + 123 + p. Calculate the remainder when i is divided by 14.
6
Suppose 6*l - 107 = 19. Calculate the remainder when 127 is divided by (-14)/l + 0 - 131/(-3).
41
Suppose -4*b + 286 + 146 = 0. Let y = 194 - b. What is the remainder when y is divided by 15?
11
Let s(g) = g**2 - 7. Let m be s(-3). Suppose m*j - 12 = -4, 2*z + 2*j = 230. Let u(t) = 4*t - 7. Calculate the remainder when z is divided by u(9).
24
Let m(c) = 23*c - 16. Calculate the remainder when 257 is divided by m(5).
59
Let r be ((2 - 15) + -20)/(2/(-6)). Let s be -58*(0 + 1) + -1. Let y = r + s. Calculate the remainder when 159 is divided by y.
39
Suppose -5*a = h - 355 - 272, -a = -2*h + 1276. What is the remainder when h is divided by 193?
58
Let m(n) = n + 21. Let u be m(-16). Let b = u - -2. Suppose 2*v + 325 = b*v. Calculate the remainder when v is divided by 22.
21
Suppose 0 = -17*a - 6 + 6. Suppose a = -276*c + 293*c - 1207. What is the remainder when c is divided by 46?
25
Suppose -3*z - 485 = 4*s, -s = -z - 5*s - 167. Let o = z - -385. Suppose 6*x - o - 110 = 0. What is the remainder when x is divided by 15?
11
Suppose 2*x = -11*x + 156. Suppose -j = 5*z - 3, 13*j - 2*z = x*j + 10. Calculate the remainder when 38 is divided by j.
6
Suppose 6*g - 305 = -4*g + 5*b, -g = -3*b - 18. What is the remainder when 13823 is divided by g?
29
Let q = -12576 - -13217. What is the remainder when q is divided by 214?
213
Let u = -7523 - -7615. Calculate the remainder when u is divided by 22.
4
Suppose -2*u + 9 = -1. Suppose u*d + c = 27, 14 = 4*d - 3*c - 19. Let g = 4364 + -4358. Calculate the remainder when d is divided by g.
0
Suppose g = t - 7 - 17, 0 = -3*t + 2*g + 71. Let w = 39 + t. Suppose 4*i - 17 - 131 = -4*v, -2*i + 4*v + 44 = 0. What is the remainder when w is divided by i?
30
Suppose 229 = -4*k + 257. Let m = -76 + 81. Calculate the remainder when k is divided by m.
2
Let j(k) = 26*k - 171. Calculate the remainder when j(39) is divided by 170.
163
Suppose -2*n = h - 20, -4*h + 0*h + 4*n + 56 = 0. Let l = -998 - -1004. Suppose 1435 = -l*o + 1897. What is the remainder when o is divided by h?
13
Suppose -4*s + 22*b - 17*b = -11060, 4*s = 3*b + 11052. Calculate the remainder when s is divided by 9.
6
Calculate the remainder when 856 is divided by (3 + 0)*(-1218)/(-63).
44
Suppose 0*n + 128 = 4*n. Suppose 57*z - 2553 = 20*z. What is the remainder when z + -2 - -21*(-20)/70 is divided by n?
29
Suppose -2*z + 5*n = -45, 0 = 3*z - 5*n - 29 - 31. Let j be (-9)/((-27)/10)*(-15)/(-10). Suppose j*c + 162 = 11*c. What is the remainder when c is divided by z?
12
Let p = -3509 - -4315. Calculate the remainder when p is divided by 134.
2
Let h = 17462 - 11971. What is the remainder when h is divided by 134?
131
Suppose 70 = 6*d - 122. Suppose -9*v - 3*j = -11*v + 155, -312 = -4*v + 4*j. Calculate the remainder when v is divided by d.
15
Let n = 7575 + -7536. Calculate the remainder when 388 is divided by n.
37
Let u(s) = 39*s**3 - 3*s**2 + 12*s - 24. What is the remainder when u(3) is divided by 149?
144
Let v(b) = 49*b - 13. Let m be v(4). Suppose -204*o - m = -207*o. Calculate the remainder when o is divided by 8.
5
Let c(s) = 3*s**2 - 104*s - 120. Calculate the remainder when c(41) is divided by 65.
9
Suppose -12*y - 238 = -26*y. Calculate the remainder when (-9)/(-6) + (265/2 - 1) is divided by y.
14
Let w = 1819 + -307. Suppose -13*n - w = -22*n. What is the remainder when n is divided by 34?
32
Suppose 0 = -6*v + 61 - 55. Suppose -p - 33 = -4*p. Suppose 4*d - v = p, -5*d + 55 = a. Calculate the remainder when a is divided by 23.
17
Suppose 0 = -5*m + 2*s - 4*s + 132, 4*m - 105 = -s. Let w = 1091 + -387. Let t = w + -499. What is the remainder when t is divided by m?
23
Suppose -5*m + 22*m - 3060 = 0. Suppose o = -14*o + m. What is the remainder when o is divided by 8?
4
Suppose 2*i + i = -4*m + 19, i - 2*m - 13 = 0. Let t = -15 - 25. Let u = -29 - t. What is the remainder when u is divided by i?
2
Let c be (1/1 - 5) + 6. Suppose 0 = 3*s - 0*s - d + 9, -c*s + d = 7. What is the remainder when 121/11*(-8)/s is divided by 12?
8
Let w(t) = 6*t**2 - 24*t + 40. Let a(f) = -9*f**2 + 36*f - 60. Let g(y) = 5*a(y) + 8*w(y). What is the remainder when 189 is divided by g(2)?
5
Suppose 0 = -2*y + 5*w + 108, 2*y - 3*y = 4*w - 28. Let m(q) = 32*q**2 + q + 5. What is the remainder when m(-2) is divided by y?
43
Let p = -607 - -718. Let n(l) = -14*l - 12. What is the remainder when p is divided by n(-2)?
15
Suppose -1140*n = -968*n - 10148. Suppose 2*d = 3*d - 232. Calculate the remainder when d is divided by n.
55
Calculate the remainder when ((-1300)/455)/((-16)/8456) is divi